ppose 17 = 2*a - 3*v, a - 2*v + 0 - 8 = 0. What is the remainder when 28 is divided by a?
8
Suppose 0 = 3*s + 15. Suppose 2*h - 6 = 2*l, -3*l - 9 = 3*h + 2*h. What is the remainder when l - s - 54/(-2) is divided by 10?
9
Suppose 4*o + 3*k = o + 21, 4*k = 2*o + 10. Suppose 5 = o*s - 1. What is the remainder when -7 + 10 - (-10)/s is divided by 5?
3
Let v(f) = f**2 + 14*f + 18. Let m be v(-13). Suppose 95 + 24 = 4*q - m*u, q + 3*u = 34. Calculate the remainder when q is divided by 11.
9
Suppose -2*y + 5*s - 3*s = -20, 2*y = s + 19. What is the remainder when 22 is divided by y?
4
Suppose -7*z + 56 = -42. Suppose 0*g + 4*x = -2*g + 82, 5*g - x - 205 = 0. Calculate the remainder when g is divided by z.
13
Let q(j) = j**3 - 3*j**2 - 5*j. Let x be q(4). Let k = x - -5. Calculate the remainder when 1 is divided by k.
0
Suppose v + 50 = 6*v. Let r = 3 - 17. Calculate the remainder when v is divided by (-60)/r + 2/(-7).
2
Suppose -21 = 3*q - 66. Calculate the remainder when q is divided by 4.
3
Let u(g) = 3*g + 1. Suppose 2*o - 3 - 14 = -b, 5*o + 4*b = 50. What is the remainder when u(4) is divided by (-2)/o + (-22)/(-3)?
6
Let u = -17 + 31. Calculate the remainder when 319 is divided by u.
11
Let h = 1 + -9. Let w = 8 - h. Calculate the remainder when 62 is divided by w.
14
Let q(y) = y**3 + 2*y**2 - y - 1. Let c(s) = -2*s**3 - 3*s**2 + 2*s + 2. Let n(f) = 3*c(f) + 5*q(f). Calculate the remainder when n(0) is divided by 1.
0
Let g(l) = l**3 - 5*l**2 + 2*l - 7. Suppose 5*i - 5*a - 13 = 7, 2*a - 27 = -5*i. Suppose 0 = 4*m - 14 + 2. Calculate the remainder when m is divided by g(i).
0
Let v(q) = -38*q - 227. What is the remainder when v(-8) is divided by 8/(7/5 - 1)?
17
Let a(p) = 20*p**3 - p + 1. What is the remainder when a(1) is divided by 7?
6
Let d(j) be the third derivative of 11*j**5/60 + j**4/24 + j**3/6 + 2*j**2. Suppose 50 + 10 = 3*n. Calculate the remainder when n is divided by d(-1).
9
Suppose 0 = -5*h + 15, o - 1 = -5*h + 16. Suppose -o*k + 7 = 1. Suppose -2*z + 5*f + 15 = 0, k*z - 4*z + 8 = -3*f. What is the remainder when 8 is divided by z?
3
Suppose 0 = -t - t + 46. Suppose 5 - t = -2*p. Calculate the remainder when 23 is divided by p.
5
Suppose -2*q + 3*q = 29. Calculate the remainder when q is divided by 16.
13
Let k(w) = w**2 + 2*w. Let d be k(3). Calculate the remainder when 14 is divided by ((-3)/(-2))/(d/50).
4
Suppose 409 = -4*r + 6*r - c, -1003 = -5*r - 4*c. What is the remainder when r is divided by 34?
33
Calculate the remainder when 97 is divided by 1 - (-49)/2 - 67/134.
22
Suppose -61 = -2*u + 45. What is the remainder when u is divided by 11?
9
Suppose r - 3 = -0*r. Suppose v = r*v + 8. Calculate the remainder when 1/(1/(-2))*v is divided by 5.
3
What is the remainder when 34/(-4)*(-16)/8 is divided by (2 + (-2)/(-2))*3?
8
Let w(q) = q**3 - 5*q**2 - 4*q - 3. Let j be w(6). Suppose 4*l - 6 = -3*h, 4*h - 10 = -h - 3*l. What is the remainder when h is divided by -6 + j + 1*-2?
0
Let r(d) = -10*d + 3. Let a be r(3). Calculate the remainder when (-2)/9 - 1005/a is divided by 13.
11
Let p = 114 - 28. Calculate the remainder when p is divided by 1/3 - 65/(-3).
20
Let f(y) = -7*y - 9. Let i = 4 - 5. Calculate the remainder when f(-7) is divided by ((-35)/(-15))/(i/(-6)).
12
Suppose 2*j - 4 = 4. Suppose -3*p + 18 = 5*m - 16, 0 = -5*p - j*m + 61. What is the remainder when 37 is divided by p?
11
Let j(t) = -t - 4. Suppose 18 = -5*g + 218. What is the remainder when g is divided by j(-18)?
12
Let b = -33 + 89. Calculate the remainder when b is divided by 29.
27
Let d(b) = -b**3 - 3*b**2 + b + 3. Let u be d(-3). Suppose 2*m + 12 - 38 = u. What is the remainder when 37 is divided by m?
11
Let p = 0 + 15. Calculate the remainder when p is divided by 8.
7
Suppose 4*f - 252 = -o, 2*f - 57 = 4*o + 51. Calculate the remainder when f is divided by 21.
20
Suppose 5*w = t - 2 - 9, -2*w - 7 = -3*t. Suppose -v = -t - 1. What is the remainder when 2 is divided by v?
0
What is the remainder when 11 is divided by (-16 + 21)*(-6)/(-5)?
5
Let h(i) = -i**2 + 18*i - 18. What is the remainder when h(12) is divided by 19?
16
Suppose l + v - 2*v = 13, 5*v = -10. Let w = -30 - -50. What is the remainder when w is divided by l?
9
Let x = 21 - -57. Suppose -70 = -4*s - 2*a, 0*s + 85 = 5*s + 3*a. Calculate the remainder when x is divided by s.
18
Let b(t) = -t - 6. Let f = -4 - -3. Calculate the remainder when 1/1 - (f - 2) is divided by b(-9).
1
Let f = 14 + -8. Let g(c) = c - 9. Let p be g(f). Let x(v) = -v + 1. What is the remainder when 10 is divided by x(p)?
2
Let x(a) = a**3 - 8*a**2 - 8*a - 2. Let u be x(9). Let y(p) = 2*p - 3. What is the remainder when (160/3)/(-5)*-3 is divided by y(u)?
10
Let q = 5 - 2. Suppose 0 = q*o + 3*y + 13 - 37, -o + 5*y = 10. Suppose -2*i - 26 = -4*i + c, 74 = o*i + 2*c. Calculate the remainder when 40 is divided by i.
12
Suppose t - 1 - 8 = 0. Let j = 57 - 32. What is the remainder when j is divided by t?
7
Let t(b) be the first derivative of -b**2 + 16*b + 2. What is the remainder when t(7) is divided by (5 + -2)/(6/4)?
0
Suppose -13 = 5*f - 73. Let j = f - 10. Calculate the remainder when j is divided by 1.
0
Let x = 25 + -4. What is the remainder when x is divided by 8?
5
Let u(d) = -3*d - 2. What is the remainder when 68/6 - (-16)/(-12) is divided by u(-2)?
2
Let l = 36 - -27. Suppose 3*b + l = 4*t, 2*t + 5*b = -t + 40. Calculate the remainder when t is divided by 4.
3
Let k = -5 + 5. Suppose -3*f + 2*r = -342, 2*r = -5*f - k*r + 570. What is the remainder when f is divided by 29?
27
Suppose 4*j - 18 = j. Suppose 2*o + 22 = -0*o. Let a = -7 - o. Calculate the remainder when j is divided by a.
2
Suppose -22 = -4*z - y - y, 2*y = -5*z + 25. Let w = -4 + 6. Calculate the remainder when z is divided by w.
1
What is the remainder when 74 is divided by (76/10)/(10/125*5)?
17
Suppose 0 = 4*a - 373 + 21. Let l(v) = -v**3 + 3*v**2 - v + 13. What is the remainder when l(0) is divided by 2/(-6) + a/12?
6
Suppose -4*l - 8 + 76 = 0. Suppose 0 = 4*r + 4*d - 48, 2*r = 3*r + 2*d - l. Calculate the remainder when r is divided by 3 - (0 + 1 - 1).
1
Let s = -11 - -30. What is the remainder when 51 is divided by s?
13
Suppose -3*o + 0*o = -18. Let j(s) = 15*s**3 - s - 4*s**2 + o*s**2 + 0*s. What is the remainder when j(1) is divided by 9?
7
Let y be 4/(-6) + 1/(-3). What is the remainder when (75/(-6))/y*2 is divided by 13?
12
Suppose 0 = 2*s - 4*o - 9 - 3, 4*o + 6 = -s. Suppose -s*r + 44 = m, r + 3*m = m + 16. Let z = r + -6. Calculate the remainder when 34 is divided by z.
16
Let w(a) = 25*a**2 - a. Let u be w(1). Let j = -17 + u. Suppose j*q - 3*q = 48. What is the remainder when 47 is divided by q?
11
Let a(o) = 3*o - 5. Let i be (-3)/(96/(-28) + 3). What is the remainder when 29 is divided by a(i)?
13
Suppose 3*r - 4*r = -24. What is the remainder when 93 is divided by r?
21
Let b(v) be the first derivative of v**3/3 + 2*v**2 + 3*v + 2. Let n(s) = s**2 - 4*s - 1. Let g be n(2). What is the remainder when b(g) is divided by 5?
3
Let q(x) = -7*x - 20. Let a(j) = -j - 1. Let y(r) = 6*a(r) - q(r). Let u = 10 - 5. What is the remainder when y(0) is divided by u?
4
Suppose 0 = -5*l - 2*n + 63, 0 = -l - 5*n + 8 + 23. Calculate the remainder when 29 is divided by l.
7
Suppose -15 = -2*c + 7*c. Calculate the remainder when (42/4)/(c/(-4)) is divided by 8.
6
Let h(r) = -r**3 - 8*r**2 + 8*r - 4. Let z be h(-9). Suppose 5*i = -2*a - 1 + 12, -a + z*i + 28 = 0. What is the remainder when 49 is divided by a?
10
Suppose -4*s - 28 = 4*x, -2*s + 16 = 2*s. Let w = x - -19. Suppose u + 15 = 4*u. What is the remainder when w is divided by u?
3
Let g = -19 + 26. Calculate the remainder when 18 is divided by g.
4
Suppose 2*r + 5*z - 54 = 0, 0*r = -2*r - 4*z + 54. Let o = r + 0. What is the remainder when o is divided by (-4 + 0 + 11)*2?
13
Let a(b) = -2*b. Let r be a(0). Suppose -4*q + 23 = -i + 2, r = -5*q - i + 15. Calculate the remainder when 5 is divided by q.
1
Let b(j) = -j**2 + 7*j + 5. Let l be b(8). Let i = l - -7. Calculate the remainder when (-22)/((3 + -1)*-1) is divided by i.
3
Let p be (-2)/(3 - 21/6). Suppose 2*u = -u + 2*b + 19, -5*b = -p*u + 30. Let x = -21 + 34. What is the remainder when x is divided by u?
3
Let p = 24 - 22. Suppose -